{"id":3598,"date":"2025-12-16T00:08:29","date_gmt":"2025-12-16T00:08:29","guid":{"rendered":"https:\/\/fwccamericas.org\/?post_type=publication&#038;p=3598"},"modified":"2026-04-24T11:18:16","modified_gmt":"2026-04-24T18:18:16","slug":"la-base-cristiana-de-la-preocupacion-social-de-los-amigos","status":"publish","type":"publication","link":"https:\/\/fwccamericas.org\/es\/publication\/la-base-cristiana-de-la-preocupacion-social-de-los-amigos","title":{"rendered":"La base cristiana de la preocupaci\u00f3n social de los Amigos"},"content":{"rendered":"<p>Un discurso dado a la Reuni\u00f3n General de los Amigos en M\u00e9xico en 1982; Ricart describe como vino al cuaquerismo en Espa\u00f1a durante la Guerra Civil y aprendi\u00f3 m\u00e1s sobre el Serm\u00f3n en el Monte y otros sermones donde Jes\u00fas hace llamadas para la justicia y el hacer la paz en el mundo. En una introducci\u00f3n, Jorge Hern\u00e1ndez nos dice m\u00e1s sobre la vida de Domingo Ricart.<\/p>\n","protected":false},"excerpt":{"rendered":"<p>Un discurso dado a la Reuni\u00f3n General de los Amigos en M\u00e9xico en 1982; Ricart describe como vino al cuaquerismo en Espa\u00f1a durante la Guerra Civil y aprendi\u00f3 m\u00e1s sobre el Serm\u00f3n en el Monte y otros sermones donde Jes\u00fas hace llamadas para la justicia y el hacer la paz en el mundo. En una [&hellip;]<\/p>\n","protected":false},"featured_media":0,"template":"","main_topic":[146],"sub_topic":[147],"pub_keyword":[214,140],"author_country":[51],"publisher":[212,213],"pub_language":[118],"class_list":["post-3598","publication","type-publication","status-publish","hentry","main_topic-fe","sub_topic-fe","pub_keyword-obra-social","pub_keyword-testimonio","author_country-usa","publisher-coal","publisher-coleccion-heberto-m-sein","pub_language-espanol"],"aioseo_notices":[],"_links":{"self":[{"href":"https:\/\/fwccamericas.org\/es\/wp-json\/wp\/v2\/publication\/3598","targetHints":{"allow":["GET"]}}],"collection":[{"href":"https:\/\/fwccamericas.org\/es\/wp-json\/wp\/v2\/publication"}],"about":[{"href":"https:\/\/fwccamericas.org\/es\/wp-json\/wp\/v2\/types\/publication"}],"version-history":[{"count":1,"href":"https:\/\/fwccamericas.org\/es\/wp-json\/wp\/v2\/publication\/3598\/revisions"}],"predecessor-version":[{"id":3600,"href":"https:\/\/fwccamericas.org\/es\/wp-json\/wp\/v2\/publication\/3598\/revisions\/3600"}],"wp:attachment":[{"href":"https:\/\/fwccamericas.org\/es\/wp-json\/wp\/v2\/media?parent=3598"}],"wp:term":[{"taxonomy":"main_topic","embeddable":true,"href":"https:\/\/fwccamericas.org\/es\/wp-json\/wp\/v2\/main_topic?post=3598"},{"taxonomy":"sub_topic","embeddable":true,"href":"https:\/\/fwccamericas.org\/es\/wp-json\/wp\/v2\/sub_topic?post=3598"},{"taxonomy":"pub_keyword","embeddable":true,"href":"https:\/\/fwccamericas.org\/es\/wp-json\/wp\/v2\/pub_keyword?post=3598"},{"taxonomy":"author_country","embeddable":true,"href":"https:\/\/fwccamericas.org\/es\/wp-json\/wp\/v2\/author_country?post=3598"},{"taxonomy":"publisher","embeddable":true,"href":"https:\/\/fwccamericas.org\/es\/wp-json\/wp\/v2\/publisher?post=3598"},{"taxonomy":"pub_language","embeddable":true,"href":"https:\/\/fwccamericas.org\/es\/wp-json\/wp\/v2\/pub_language?post=3598"}],"curies":[{"name":"wp","href":"https:\/\/api.w.org\/{rel}","templated":true}]}}

La base cristiana de la preocupación social de los Amigos

<p>Un discurso dado a la Reunión General de los Amigos en México en 1982; Ricart describe como vino al cuaquerismo en España durante la Guerra Civil y aprendió más sobre el Sermón en el Monte y otros sermones donde Jesús hace llamadas para la justicia y el hacer la paz en el mundo. En una introducción, Jorge Hernández nos dice más sobre la vida de Domingo Ricart.</p>

<p>Un discurso dado a la Reunión General de los Amigos en México en 1982; Ricart describe como vino al cuaquerismo en España durante la Guerra Civil y aprendió más sobre el Sermón en el Monte y otros sermones donde Jesús hace llamadas para la justicia y el hacer la paz en el mundo. En una [&hellip;]</p>
