{"id":3296,"date":"2025-12-10T21:18:45","date_gmt":"2025-12-10T21:18:45","guid":{"rendered":"https:\/\/fwccamericas.org\/?post_type=publication&#038;p=3296"},"modified":"2026-04-24T14:30:31","modified_gmt":"2026-04-24T21:30:31","slug":"creemos-que-unicamente-dios-crea","status":"publish","type":"publication","link":"https:\/\/fwccamericas.org\/es\/publication\/creemos-que-unicamente-dios-crea","title":{"rendered":"Creemos que \u00fanicamente Dios crea"},"content":{"rendered":"<p>Petici\u00f3n de un grupo de l\u00edderes pacifistas (Amigos, Menonitas, y otros) en Honduras, pidiendo que su gobierno reconozca la objeci\u00f3n de consciencia al servicio militar.<\/p>\n","protected":false},"excerpt":{"rendered":"<p>Petici\u00f3n de un grupo de l\u00edderes pacifistas (Amigos, Menonitas, y otros) en Honduras, pidiendo que su gobierno reconozca la objeci\u00f3n de consciencia al servicio militar.<\/p>\n","protected":false},"featured_media":0,"template":"","main_topic":[130],"sub_topic":[32],"pub_keyword":[195,33,140],"author_country":[169],"publisher":[37,401],"pub_language":[118],"class_list":["post-3296","publication","type-publication","status-publish","hentry","main_topic-testimonio","sub_topic-testimonio","pub_keyword-libertad-de-conciencia","pub_keyword-paz","pub_keyword-testimonio","author_country-honduras","publisher-wqf","publisher-wqf-espanol","pub_language-espanol"],"aioseo_notices":[],"_links":{"self":[{"href":"https:\/\/fwccamericas.org\/es\/wp-json\/wp\/v2\/publication\/3296","targetHints":{"allow":["GET"]}}],"collection":[{"href":"https:\/\/fwccamericas.org\/es\/wp-json\/wp\/v2\/publication"}],"about":[{"href":"https:\/\/fwccamericas.org\/es\/wp-json\/wp\/v2\/types\/publication"}],"version-history":[{"count":1,"href":"https:\/\/fwccamericas.org\/es\/wp-json\/wp\/v2\/publication\/3296\/revisions"}],"predecessor-version":[{"id":3297,"href":"https:\/\/fwccamericas.org\/es\/wp-json\/wp\/v2\/publication\/3296\/revisions\/3297"}],"wp:attachment":[{"href":"https:\/\/fwccamericas.org\/es\/wp-json\/wp\/v2\/media?parent=3296"}],"wp:term":[{"taxonomy":"main_topic","embeddable":true,"href":"https:\/\/fwccamericas.org\/es\/wp-json\/wp\/v2\/main_topic?post=3296"},{"taxonomy":"sub_topic","embeddable":true,"href":"https:\/\/fwccamericas.org\/es\/wp-json\/wp\/v2\/sub_topic?post=3296"},{"taxonomy":"pub_keyword","embeddable":true,"href":"https:\/\/fwccamericas.org\/es\/wp-json\/wp\/v2\/pub_keyword?post=3296"},{"taxonomy":"author_country","embeddable":true,"href":"https:\/\/fwccamericas.org\/es\/wp-json\/wp\/v2\/author_country?post=3296"},{"taxonomy":"publisher","embeddable":true,"href":"https:\/\/fwccamericas.org\/es\/wp-json\/wp\/v2\/publisher?post=3296"},{"taxonomy":"pub_language","embeddable":true,"href":"https:\/\/fwccamericas.org\/es\/wp-json\/wp\/v2\/pub_language?post=3296"}],"curies":[{"name":"wp","href":"https:\/\/api.w.org\/{rel}","templated":true}]}}

Creemos que únicamente Dios crea

<p>Petición de un grupo de líderes pacifistas (Amigos, Menonitas, y otros) en Honduras, pidiendo que su gobierno reconozca la objeción de consciencia al servicio militar.</p>
