{"id":3167,"date":"2025-12-07T00:34:00","date_gmt":"2025-12-07T00:34:00","guid":{"rendered":"https:\/\/fwccamericas.org\/?post_type=publication&#038;p=3167"},"modified":"2026-04-24T11:22:26","modified_gmt":"2026-04-24T18:22:26","slug":"la-esperanza-en-medio-de-una-cultura-de-terror","status":"publish","type":"publication","link":"https:\/\/fwccamericas.org\/es\/publication\/la-esperanza-en-medio-de-una-cultura-de-terror","title":{"rendered":"La Esperanza en Medio de una Cultura de Terror"},"content":{"rendered":"<p>Discurso principal de la Reuni\u00f3n Annual del CMCA, Sesi\u00f3n de las Am\u00e9ricas, 2003, poco despu\u00e9s de los eventos del 11 sept. 2001 y del comienzo de la guerra en Irak. Un pastor de la Junta Unida de los Amigos describe su juventud como joven Cu\u00e1quero en Richmond, Indiana, enfrentado por varios estreses, y procede a dar unas lecciones para fomentar la paz en el siglo 21.<\/p>\n","protected":false},"excerpt":{"rendered":"<p>Discurso principal de la Reuni\u00f3n Annual del CMCA, Sesi\u00f3n de las Am\u00e9ricas, 2003, poco despu\u00e9s de los eventos del 11 sept. 2001 y del comienzo de la guerra en Irak. Un pastor de la Junta Unida de los Amigos describe su juventud como joven Cu\u00e1quero en Richmond, Indiana, enfrentado por varios estreses, y procede a [&hellip;]<\/p>\n","protected":false},"featured_media":0,"template":"","main_topic":[130],"sub_topic":[32],"pub_keyword":[132,33,36],"author_country":[51],"publisher":[37],"pub_language":[118],"class_list":["post-3167","publication","type-publication","status-publish","hentry","main_topic-testimonio","sub_topic-testimonio","pub_keyword-historia","pub_keyword-paz","pub_keyword-testimonio-personal","author_country-usa","publisher-wqf","pub_language-espanol"],"aioseo_notices":[],"_links":{"self":[{"href":"https:\/\/fwccamericas.org\/es\/wp-json\/wp\/v2\/publication\/3167","targetHints":{"allow":["GET"]}}],"collection":[{"href":"https:\/\/fwccamericas.org\/es\/wp-json\/wp\/v2\/publication"}],"about":[{"href":"https:\/\/fwccamericas.org\/es\/wp-json\/wp\/v2\/types\/publication"}],"version-history":[{"count":1,"href":"https:\/\/fwccamericas.org\/es\/wp-json\/wp\/v2\/publication\/3167\/revisions"}],"predecessor-version":[{"id":3169,"href":"https:\/\/fwccamericas.org\/es\/wp-json\/wp\/v2\/publication\/3167\/revisions\/3169"}],"wp:attachment":[{"href":"https:\/\/fwccamericas.org\/es\/wp-json\/wp\/v2\/media?parent=3167"}],"wp:term":[{"taxonomy":"main_topic","embeddable":true,"href":"https:\/\/fwccamericas.org\/es\/wp-json\/wp\/v2\/main_topic?post=3167"},{"taxonomy":"sub_topic","embeddable":true,"href":"https:\/\/fwccamericas.org\/es\/wp-json\/wp\/v2\/sub_topic?post=3167"},{"taxonomy":"pub_keyword","embeddable":true,"href":"https:\/\/fwccamericas.org\/es\/wp-json\/wp\/v2\/pub_keyword?post=3167"},{"taxonomy":"author_country","embeddable":true,"href":"https:\/\/fwccamericas.org\/es\/wp-json\/wp\/v2\/author_country?post=3167"},{"taxonomy":"publisher","embeddable":true,"href":"https:\/\/fwccamericas.org\/es\/wp-json\/wp\/v2\/publisher?post=3167"},{"taxonomy":"pub_language","embeddable":true,"href":"https:\/\/fwccamericas.org\/es\/wp-json\/wp\/v2\/pub_language?post=3167"}],"curies":[{"name":"wp","href":"https:\/\/api.w.org\/{rel}","templated":true}]}}

<p>Discurso principal de la Reunión Annual del CMCA, Sesión de las Américas, 2003, poco después de los eventos del 11 sept. 2001 y del comienzo de la guerra en Irak. Un pastor de la Junta Unida de los Amigos describe su juventud como joven Cuáquero en Richmond, Indiana, enfrentado por varios estreses, y procede a dar unas lecciones para fomentar la paz en el siglo 21.</p>

<p>Discurso principal de la Reunión Annual del CMCA, Sesión de las Américas, 2003, poco después de los eventos del 11 sept. 2001 y del comienzo de la guerra en Irak. Un pastor de la Junta Unida de los Amigos describe su juventud como joven Cuáquero en Richmond, Indiana, enfrentado por varios estreses, y procede a [&hellip;]</p>
