{"id":4685,"date":"2026-04-13T15:29:53","date_gmt":"2026-04-13T22:29:53","guid":{"rendered":"https:\/\/fwccamericas.org\/event\/dia-mundial-cuaquero-2"},"modified":"2026-04-17T09:13:06","modified_gmt":"2026-04-17T16:13:06","slug":"dia-mundial-cuaquero-2","status":"publish","type":"event","link":"https:\/\/fwccamericas.org\/es\/event\/dia-mundial-cuaquero-2","title":{"rendered":"D\u00eda Mundial Cu\u00e1quero"},"content":{"rendered":"\t\t<div data-elementor-type=\"wp-post\" data-elementor-id=\"4685\" class=\"elementor elementor-4685 elementor-4649\">\n\t\t\t\t<div class=\"elementor-element elementor-element-1dfa2a8a e-flex e-con-boxed e-con e-parent\" data-id=\"1dfa2a8a\" data-element_type=\"container\" data-e-type=\"container\">\n\t\t\t\t\t<div class=\"e-con-inner\">\n\t\t\t\t<div class=\"elementor-element elementor-element-cae48d7 elementor-widget elementor-widget-text-editor\" data-id=\"cae48d7\" data-element_type=\"widget\" data-e-type=\"widget\" data-widget_type=\"text-editor.default\">\n\t\t\t\t\t\t\t\t\t<p>Reserva la fecha para el D\u00eda Mundial Cu\u00e1quero. El tema para el D\u00eda Mundial Cu\u00e1quero, el domingo 4 de octubre de 2026, ser\u00e1 <em>Que la paz est\u00e9 entre nosotros<\/em>. <\/p><p>En tiempos en los que la crisis ambiental y el conflicto, las falsedades y la injusticia parecen dominar, veamos qu\u00e9 puede hacer la paz, tanto a trav\u00e9s de nuestras palabras como siendo \u00abhacedores de la palabra\u00bb (Santiago 1:22). Se compartir\u00e1n m\u00e1s informaci\u00f3n e ideas sobre c\u00f3mo puedes participar a medida que se acerque la fecha. <\/p><h2 class=\"wp-block-heading\">Eventos<\/h2><p>Haznos saber c\u00f3mo planeas participar completando y podremos ayudar a promocionar tu evento o actividad aqu\u00ed en nuestro sitio web para que m\u00e1s personas puedan verlo y asistir.<\/p><p><strong>Obt\u00e9n m\u00e1s informaci\u00f3n en <a href=\"https:\/\/fwcc.world\/event\/worldquakerday2026\/\">WorldQuakerDay.org<\/a>.<\/strong><\/p>\t\t\t\t\t\t\t\t<\/div>\n\t\t\t\t\t<\/div>\n\t\t\t\t<\/div>\n\t\t\t\t<\/div>\n\t\t","protected":false},"featured_media":4688,"menu_order":0,"template":"","class_list":["post-4685","event","type-event","status-publish","has-post-thumbnail","hentry"],"aioseo_notices":[],"_links":{"self":[{"href":"https:\/\/fwccamericas.org\/es\/wp-json\/wp\/v2\/event\/4685","targetHints":{"allow":["GET"]}}],"collection":[{"href":"https:\/\/fwccamericas.org\/es\/wp-json\/wp\/v2\/event"}],"about":[{"href":"https:\/\/fwccamericas.org\/es\/wp-json\/wp\/v2\/types\/event"}],"version-history":[{"count":3,"href":"https:\/\/fwccamericas.org\/es\/wp-json\/wp\/v2\/event\/4685\/revisions"}],"predecessor-version":[{"id":4710,"href":"https:\/\/fwccamericas.org\/es\/wp-json\/wp\/v2\/event\/4685\/revisions\/4710"}],"wp:featuredmedia":[{"embeddable":true,"href":"https:\/\/fwccamericas.org\/es\/wp-json\/wp\/v2\/media\/4688"}],"wp:attachment":[{"href":"https:\/\/fwccamericas.org\/es\/wp-json\/wp\/v2\/media?parent=4685"}],"curies":[{"name":"wp","href":"https:\/\/api.w.org\/{rel}","templated":true}]}}

Día Mundial Cuáquero

<div data-elementor-type="wp-post" data-elementor-id="4685" class="elementor elementor-4685 elementor-4649">
				<div class="elementor-element elementor-element-1dfa2a8a e-flex e-con-boxed e-con e-parent" data-id="1dfa2a8a" data-element_type="container" data-e-type="container">
					<div class="e-con-inner">
				<div class="elementor-element elementor-element-cae48d7 elementor-widget elementor-widget-text-editor" data-id="cae48d7" data-element_type="widget" data-e-type="widget" data-widget_type="text-editor.default">
									<p>Reserva la fecha para el Día Mundial Cuáquero. El tema para el Día Mundial Cuáquero, el domingo 4 de octubre de 2026, será <em>Que la paz esté entre nosotros</em>. </p><p>En tiempos en los que la crisis ambiental y el conflicto, las falsedades y la injusticia parecen dominar, veamos qué puede hacer la paz, tanto a través de nuestras palabras como siendo «hacedores de la palabra» (Santiago 1:22). Se compartirán más información e ideas sobre cómo puedes participar a medida que se acerque la fecha. </p><h2 class="wp-block-heading">Eventos</h2><p>Haznos saber cómo planeas participar completando y podremos ayudar a promocionar tu evento o actividad aquí en nuestro sitio web para que más personas puedan verlo y asistir.</p><p><strong>Obtén más información en <a href="https://fwcc.world/event/worldquakerday2026/">WorldQuakerDay.org</a>.</strong></p>								</div>
					</div>
				</div>
				</div>
